{"id":110,"date":"2023-03-29T13:11:55","date_gmt":"2023-03-29T11:11:55","guid":{"rendered":"http:\/\/lamaisonwisteria.fr\/?page_id=110"},"modified":"2023-05-22T08:30:52","modified_gmt":"2023-05-22T06:30:52","slug":"le-petit-dejeuner","status":"publish","type":"page","link":"https:\/\/lamaisonwisteria.fr\/index.php\/le-petit-dejeuner\/","title":{"rendered":"Le petit-d\u00e9jeuner"},"content":{"rendered":"<p>[et_pb_section fb_built=\u00a0\u00bb1&Prime; _builder_version=\u00a0\u00bb4.20.4&Prime; _module_preset=\u00a0\u00bbdefault\u00a0\u00bb background_image=\u00a0\u00bbhttp:\/\/lamaisonwisteria.fr\/wp-content\/uploads\/2023\/04\/Melons-720&#215;480.jpg\u00a0\u00bb global_colors_info=\u00a0\u00bb{}\u00a0\u00bb][et_pb_row _builder_version=\u00a0\u00bb4.20.2&Prime; _module_preset=\u00a0\u00bbdefault\u00a0\u00bb custom_margin=\u00a0\u00bb|auto|-290px|auto||\u00a0\u00bb global_colors_info=\u00a0\u00bb{}\u00a0\u00bb][et_pb_column type=\u00a0\u00bb4_4&Prime; _builder_version=\u00a0\u00bb4.20.2&Prime; _module_preset=\u00a0\u00bbdefault\u00a0\u00bb global_colors_info=\u00a0\u00bb{}\u00a0\u00bb][et_pb_text _builder_version=\u00a0\u00bb4.20.4&Prime; _module_preset=\u00a0\u00bbdefault\u00a0\u00bb text_font=\u00a0\u00bb|700|on||||||\u00a0\u00bb global_colors_info=\u00a0\u00bb{}\u00a0\u00bb]<\/p>\n<p>Le petit-d\u00e9jeuner<\/p>\n<p>[\/et_pb_text][et_pb_text _builder_version=\u00a0\u00bb4.20.4&Prime; _module_preset=\u00a0\u00bbdefault\u00a0\u00bb text_text_color=\u00a0\u00bb#2e2148&Prime; link_font=\u00a0\u00bb|700|||||||\u00a0\u00bb link_text_color=\u00a0\u00bb#2e2148&Prime; text_orientation=\u00a0\u00bbjustified\u00a0\u00bb global_colors_info=\u00a0\u00bb{}\u00a0\u00bb]<\/p>\n<p>A <a href=\"http:\/\/lamaisonwisteria.fr\/index.php\/a-propos\/\">la maison WISTERIA<\/a>, je mets en avant les produits locaux et le \u00ab\u00a0fait-maison\u00a0\u00bb. Les producteurs de la r\u00e9gion sont nombreux et fournissent d\u00e8s le printemps de belles fraises, puis viennent la saison des cerises et enfin l&rsquo;\u00e9t\u00e9, celle des abricots, p\u00eaches, nectarines et autres d\u00e9licieux fruits qui me permettent de vous proposer de belles salades de fruits, des jus de fruits frais press\u00e9s et des confitures originales. En cuisine, il y a toujours quelque chose en pr\u00e9paration : petits clafoutis, madeleines, cakes, les plaisirs sont vari\u00e9s et raviront vos papilles. Le petit-d\u00e9jeuner est servi entre 7h30 et 9h30.<\/p>\n<p>[\/et_pb_text][\/et_pb_column][\/et_pb_row][et_pb_row column_structure=\u00a0\u00bb1_2,1_2&Prime; _builder_version=\u00a0\u00bb4.20.2&Prime; _module_preset=\u00a0\u00bbdefault\u00a0\u00bb custom_padding=\u00a0\u00bb148px|||||\u00a0\u00bb global_colors_info=\u00a0\u00bb{}\u00a0\u00bb][et_pb_column type=\u00a0\u00bb1_2&Prime; _builder_version=\u00a0\u00bb4.20.2&Prime; _module_preset=\u00a0\u00bbdefault\u00a0\u00bb global_colors_info=\u00a0\u00bb{}\u00a0\u00bb][\/et_pb_column][et_pb_column type=\u00a0\u00bb1_2&Prime; _builder_version=\u00a0\u00bb4.20.2&Prime; _module_preset=\u00a0\u00bbdefault\u00a0\u00bb global_colors_info=\u00a0\u00bb{}\u00a0\u00bb][\/et_pb_column][\/et_pb_row][et_pb_row _builder_version=\u00a0\u00bb4.20.4&Prime; _module_preset=\u00a0\u00bbdefault\u00a0\u00bb global_colors_info=\u00a0\u00bb{}\u00a0\u00bb][et_pb_column type=\u00a0\u00bb4_4&Prime; _builder_version=\u00a0\u00bb4.20.4&Prime; _module_preset=\u00a0\u00bbdefault\u00a0\u00bb global_colors_info=\u00a0\u00bb{}\u00a0\u00bb][et_pb_gallery gallery_ids=\u00a0\u00bb666,665,664,576,663,577,580,582&Prime; posts_number=\u00a0\u00bb8&Prime; show_title_and_caption=\u00a0\u00bboff\u00a0\u00bb show_pagination=\u00a0\u00bboff\u00a0\u00bb _builder_version=\u00a0\u00bb4.20.4&Prime; _module_preset=\u00a0\u00bbdefault\u00a0\u00bb border_width_all=\u00a0\u00bb8px\u00a0\u00bb border_color_all=\u00a0\u00bb#2e2148&Prime; global_colors_info=\u00a0\u00bb{}\u00a0\u00bb][\/et_pb_gallery][\/et_pb_column][\/et_pb_row][\/et_pb_section][et_pb_section fb_built=\u00a0\u00bb1&Prime; _builder_version=\u00a0\u00bb4.20.2&Prime; _module_preset=\u00a0\u00bbdefault\u00a0\u00bb global_colors_info=\u00a0\u00bb{}\u00a0\u00bb][\/et_pb_section]<\/p>\n","protected":false},"excerpt":{"rendered":"<p>Le petit-d\u00e9jeunerA la maison WISTERIA, je mets en avant les produits locaux et le \u00ab\u00a0fait-maison\u00a0\u00bb. Les producteurs de la r\u00e9gion sont nombreux et fournissent d\u00e8s le printemps de belles fraises, puis viennent la saison des cerises et enfin l&rsquo;\u00e9t\u00e9, celle des abricots, p\u00eaches, nectarines et autres d\u00e9licieux fruits qui me permettent de vous proposer de [&hellip;]<\/p>\n","protected":false},"author":1,"featured_media":0,"parent":0,"menu_order":0,"comment_status":"closed","ping_status":"closed","template":"","meta":{"_et_pb_use_builder":"on","_et_pb_old_content":"","_et_gb_content_width":"","om_disable_all_campaigns":false,"_mi_skip_tracking":false,"footnotes":""},"class_list":["post-110","page","type-page","status-publish","hentry"],"aioseo_notices":[],"yoast_head":"<!-- This site is optimized with the Yoast SEO plugin v20.5 - https:\/\/yoast.com\/wordpress\/plugins\/seo\/ -->\n<title>Le petit-d\u00e9jeuner -<\/title>\n<meta name=\"robots\" content=\"index, follow, max-snippet:-1, max-image-preview:large, max-video-preview:-1\" \/>\n<link rel=\"canonical\" href=\"https:\/\/lamaisonwisteria.fr\/index.php\/le-petit-dejeuner\/\" \/>\n<meta property=\"og:locale\" content=\"fr_FR\" \/>\n<meta property=\"og:type\" content=\"article\" \/>\n<meta property=\"og:title\" content=\"Le petit-d\u00e9jeuner -\" \/>\n<meta property=\"og:description\" content=\"Le petit-d\u00e9jeunerA la maison WISTERIA, je mets en avant les produits locaux et le &quot;fait-maison&quot;. Les producteurs de la r\u00e9gion sont nombreux et fournissent d\u00e8s le printemps de belles fraises, puis viennent la saison des cerises et enfin l&#039;\u00e9t\u00e9, celle des abricots, p\u00eaches, nectarines et autres d\u00e9licieux fruits qui me permettent de vous proposer de [&hellip;]\" \/>\n<meta property=\"og:url\" content=\"https:\/\/lamaisonwisteria.fr\/index.php\/le-petit-dejeuner\/\" \/>\n<meta property=\"article:modified_time\" content=\"2023-05-22T06:30:52+00:00\" \/>\n<meta name=\"twitter:card\" content=\"summary_large_image\" \/>\n<meta name=\"twitter:label1\" content=\"Dur\u00e9e de lecture estim\u00e9e\" \/>\n\t<meta name=\"twitter:data1\" content=\"2 minutes\" \/>\n<script type=\"application\/ld+json\" class=\"yoast-schema-graph\">{\"@context\":\"https:\/\/schema.org\",\"@graph\":[{\"@type\":\"WebPage\",\"@id\":\"https:\/\/lamaisonwisteria.fr\/index.php\/le-petit-dejeuner\/\",\"url\":\"https:\/\/lamaisonwisteria.fr\/index.php\/le-petit-dejeuner\/\",\"name\":\"Le petit-d\u00e9jeuner -\",\"isPartOf\":{\"@id\":\"https:\/\/lamaisonwisteria.fr\/#website\"},\"datePublished\":\"2023-03-29T11:11:55+00:00\",\"dateModified\":\"2023-05-22T06:30:52+00:00\",\"breadcrumb\":{\"@id\":\"https:\/\/lamaisonwisteria.fr\/index.php\/le-petit-dejeuner\/#breadcrumb\"},\"inLanguage\":\"fr-FR\",\"potentialAction\":[{\"@type\":\"ReadAction\",\"target\":[\"https:\/\/lamaisonwisteria.fr\/index.php\/le-petit-dejeuner\/\"]}]},{\"@type\":\"BreadcrumbList\",\"@id\":\"https:\/\/lamaisonwisteria.fr\/index.php\/le-petit-dejeuner\/#breadcrumb\",\"itemListElement\":[{\"@type\":\"ListItem\",\"position\":1,\"name\":\"Accueil\",\"item\":\"https:\/\/lamaisonwisteria.fr\/\"},{\"@type\":\"ListItem\",\"position\":2,\"name\":\"Le petit-d\u00e9jeuner\"}]},{\"@type\":\"WebSite\",\"@id\":\"https:\/\/lamaisonwisteria.fr\/#website\",\"url\":\"https:\/\/lamaisonwisteria.fr\/\",\"name\":\"\",\"description\":\"Chambres d&#039;h\u00f4tes au coeur de la Dr\u00f4me Proven\u00e7ale\",\"potentialAction\":[{\"@type\":\"SearchAction\",\"target\":{\"@type\":\"EntryPoint\",\"urlTemplate\":\"https:\/\/lamaisonwisteria.fr\/?s={search_term_string}\"},\"query-input\":\"required name=search_term_string\"}],\"inLanguage\":\"fr-FR\"}]}<\/script>\n<!-- \/ Yoast SEO plugin. -->","yoast_head_json":{"title":"Le petit-d\u00e9jeuner -","robots":{"index":"index","follow":"follow","max-snippet":"max-snippet:-1","max-image-preview":"max-image-preview:large","max-video-preview":"max-video-preview:-1"},"canonical":"https:\/\/lamaisonwisteria.fr\/index.php\/le-petit-dejeuner\/","og_locale":"fr_FR","og_type":"article","og_title":"Le petit-d\u00e9jeuner -","og_description":"Le petit-d\u00e9jeunerA la maison WISTERIA, je mets en avant les produits locaux et le \"fait-maison\". Les producteurs de la r\u00e9gion sont nombreux et fournissent d\u00e8s le printemps de belles fraises, puis viennent la saison des cerises et enfin l'\u00e9t\u00e9, celle des abricots, p\u00eaches, nectarines et autres d\u00e9licieux fruits qui me permettent de vous proposer de [&hellip;]","og_url":"https:\/\/lamaisonwisteria.fr\/index.php\/le-petit-dejeuner\/","article_modified_time":"2023-05-22T06:30:52+00:00","twitter_card":"summary_large_image","twitter_misc":{"Dur\u00e9e de lecture estim\u00e9e":"2 minutes"},"schema":{"@context":"https:\/\/schema.org","@graph":[{"@type":"WebPage","@id":"https:\/\/lamaisonwisteria.fr\/index.php\/le-petit-dejeuner\/","url":"https:\/\/lamaisonwisteria.fr\/index.php\/le-petit-dejeuner\/","name":"Le petit-d\u00e9jeuner -","isPartOf":{"@id":"https:\/\/lamaisonwisteria.fr\/#website"},"datePublished":"2023-03-29T11:11:55+00:00","dateModified":"2023-05-22T06:30:52+00:00","breadcrumb":{"@id":"https:\/\/lamaisonwisteria.fr\/index.php\/le-petit-dejeuner\/#breadcrumb"},"inLanguage":"fr-FR","potentialAction":[{"@type":"ReadAction","target":["https:\/\/lamaisonwisteria.fr\/index.php\/le-petit-dejeuner\/"]}]},{"@type":"BreadcrumbList","@id":"https:\/\/lamaisonwisteria.fr\/index.php\/le-petit-dejeuner\/#breadcrumb","itemListElement":[{"@type":"ListItem","position":1,"name":"Accueil","item":"https:\/\/lamaisonwisteria.fr\/"},{"@type":"ListItem","position":2,"name":"Le petit-d\u00e9jeuner"}]},{"@type":"WebSite","@id":"https:\/\/lamaisonwisteria.fr\/#website","url":"https:\/\/lamaisonwisteria.fr\/","name":"","description":"Chambres d&#039;h\u00f4tes au coeur de la Dr\u00f4me Proven\u00e7ale","potentialAction":[{"@type":"SearchAction","target":{"@type":"EntryPoint","urlTemplate":"https:\/\/lamaisonwisteria.fr\/?s={search_term_string}"},"query-input":"required name=search_term_string"}],"inLanguage":"fr-FR"}]}},"_links":{"self":[{"href":"https:\/\/lamaisonwisteria.fr\/index.php\/wp-json\/wp\/v2\/pages\/110","targetHints":{"allow":["GET"]}}],"collection":[{"href":"https:\/\/lamaisonwisteria.fr\/index.php\/wp-json\/wp\/v2\/pages"}],"about":[{"href":"https:\/\/lamaisonwisteria.fr\/index.php\/wp-json\/wp\/v2\/types\/page"}],"author":[{"embeddable":true,"href":"https:\/\/lamaisonwisteria.fr\/index.php\/wp-json\/wp\/v2\/users\/1"}],"replies":[{"embeddable":true,"href":"https:\/\/lamaisonwisteria.fr\/index.php\/wp-json\/wp\/v2\/comments?post=110"}],"version-history":[{"count":13,"href":"https:\/\/lamaisonwisteria.fr\/index.php\/wp-json\/wp\/v2\/pages\/110\/revisions"}],"predecessor-version":[{"id":743,"href":"https:\/\/lamaisonwisteria.fr\/index.php\/wp-json\/wp\/v2\/pages\/110\/revisions\/743"}],"wp:attachment":[{"href":"https:\/\/lamaisonwisteria.fr\/index.php\/wp-json\/wp\/v2\/media?parent=110"}],"curies":[{"name":"wp","href":"https:\/\/api.w.org\/{rel}","templated":true}]}}